 14?
False
Is 76 a multiple of 9?
False
Is 19635 a multiple of 55?
True
Is 36 a factor of 15516?
True
Does 36 divide 80?
False
Is 50 a factor of 1750?
True
Is 30 a factor of 14980?
False
Is 3 a factor of 267?
True
Is 1241 a multiple of 69?
False
Is 403 a factor of 91481?
True
Is 4744 a multiple of 5?
False
Is 51081 a multiple of 53?
False
Does 33 divide 8739?
False
Is 1808 a multiple of 31?
False
Is 1781 a multiple of 24?
False
Is 12705 a multiple of 77?
True
Is 6 a factor of 4026?
True
Does 7 divide 17143?
True
Is 23165 even?
False
Does 27 divide 31698?
True
Is 15 a factor of 1215?
True
Does 93 divide 5859?
True
Is 1654 a multiple of 62?
False
Is 29 a factor of 2030?
True
Is 5933 a multiple of 3?
False
Does 18 divide 1286?
False
Does 36 divide 49068?
True
Is 1444 a multiple of 7?
False
Does 103 divide 359?
False
Is 11 a factor of 14828?
True
Is 41 a factor of 29935?
False
Is 11 a factor of 23403?
False
Is 67 a factor of 2282?
False
Does 64 divide 641?
False
Is 13 a factor of 1779?
False
Does 133 divide 36708?
True
Does 75 divide 7500?
True
Is 11 a factor of 1688?
False
Is 40 even?
True
Is 8 a factor of 22?
False
Does 84 divide 138273?
False
Does 25 divide 705?
False
Is 3 a factor of 18?
True
Is 36 a factor of 385?
False
Is 2170 a multiple of 53?
False
Does 175 divide 33336?
False
Is 17 a factor of 3713?
False
Does 13 divide 39?
True
Is 14 a factor of 5249?
False
Does 4 divide 620?
True
Is 23 a factor of 779?
False
Is 12 a factor of 8604?
True
Does 47 divide 366?
False
Does 18 divide 11052?
True
Does 9 divide 846?
True
Is 6 a factor of 154?
False
Is 309 a multiple of 35?
False
Is 57432 a multiple of 7?
False
Is 19988 a multiple of 83?
False
Is 67 a factor of 3216?
True
Is 72774 a multiple of 234?
True
Is 1782 a multiple of 3?
True
Is 14 a factor of 77608?
False
Is 23 a factor of 13145?
False
Is 84 a factor of 50670?
False
Does 10 divide 4454?
False
Is 193 a multiple of 8?
False
Is 26 a factor of 3432?
True
Is 180 a multiple of 2?
True
Does 25 divide 75?
True
Is 68 a factor of 476?
True
Does 69 divide 10348?
False
Does 2 divide 525?
False
Is 392 a multiple of 56?
True
Is 54181 a multiple of 384?
False
Does 22 divide 12163?
False
Does 9 divide 685?
False
Does 7 divide 9184?
True
Does 115 divide 1725?
True
Is 77 a factor of 231?
True
Does 129 divide 9804?
True
Does 3 divide 3585?
True
Is 4700 a multiple of 10?
True
Is 1260 a multiple of 63?
True
Does 129 divide 18030?
False
Does 18 divide 432?
True
Is 6956 a multiple of 13?
False
Is 48762 a multiple of 63?
True
Is 23843 a multiple of 113?
True
Is 7371 a multiple of 39?
True
Is 28 a factor of 6555?
False
Does 48 divide 60912?
True
Is 443 a multiple of 20?
False
Is 1426 a multiple of 23?
True
Is 1535 a multiple of 14?
False
Is 879 a multiple of 15?
False
Is 58 a factor of 16534?
False
Is 7209 a multiple of 9?
True
Is 342 a multiple of 18?
True
Is 724 a multiple of 54?
False
Is 144 a factor of 4896?
True
Is 65 a factor of 20135?
False
Does 26 divide 28106?
True
Does 52 divide 8372?
True
Does 17 divide 1071?
True
Is 7904 a multiple of 59?
False
Is 73 a factor of 10114?
False
Does 20 divide 600?
True
Is 1938 a multiple of 18?
False
Is 55 a factor of 5728?
False
Does 66 divide 15774?
True
Does 28 divide 196?
True
Does 5 divide 3748?
False
Does 51 divide 16784?
False
Is 54934 a multiple of 11?
True
Does 51 divide 1392?
False
Does 7 divide 113?
False
Is 36 a factor of 2591?
False
Does 10 divide 2547?
False
Is 6 a factor of 1278?
True
Is 2322 a multiple of 3?
True
Is 2 a factor of 475?
False
Is 6 a factor of 2959?
False
Is 6 a factor of 2065?
False
Is 3580 a multiple of 10?
True
Does 36 divide 468?
True
Is 3 a factor of 111?
True
Is 15095 a multiple of 198?
False
Does 39 divide 332?
False
Is 76 a factor of 1976?
True
Is 25 a factor of 39496?
False
Is 3300 a multiple of 22?
True
Is 97 a factor of 6887?
True
Is 66 a factor of 19668?
True
Is 22038 a multiple of 19?
False
Is 77 a factor of 951?
False
Is 7533 a multiple of 278?
False
Is 173 a factor of 32571?
False
Does 89 divide 50463?
True
Is 21 a factor of 6930?
True
Does 59 divide 1278?
False
Is 18 a factor of 5835?
False
Is 107 a factor of 25787?
True
Is 10041 a multiple of 80?
False
Is 1510 even?
True
Does 20 divide 7720?
True
Does 16 divide 898?
False
Does 49 divide 2542?
False
Is 10 a factor of 14890?
True
Is 17 a factor of 289?
True
Is 16 a factor of 2432?
True
Is 686 a multiple of 49?
True
Is 2920 a multiple of 146?
True
Is 385 a multiple of 4?
False
Is 437 a multiple of 23?
True
Is 9 a factor of 3834?
True
Is 86 a factor of 9644?
False
Does 192 divide 10560?
True
Is 527 a multiple of 17?
True
Does 19 divide 42883?
True
Is 2 a factor of 17?
False
Is 13 a factor of 3003?
True
Is 980 a multiple of 85?
False
Does 5 divide 5435?
True
Does 5 divide 18475?
True
Does 19 divide 2113?
False
Is 13 a factor of 156?
True
Is 8 a factor of 5807?
False
Is 24196 a multiple of 263?
True
Is 369 a multiple of 39?
False
Is 9 a factor of 639?
True
Does 20 divide 7762?
False
Is 213 a factor of 38211?
False
Is 169 a multiple of 23?
False
Is 8 a factor of 7107?
False
Is 47 a factor of 141?
True
Does 26 divide 754?
True
Is 720 a multiple of 45?
True
Is 68 a factor of 3672?
True
Is 8648 a multiple of 46?
True
Does 69 divide 8621?
False
Is 15 a factor of 1750?
False
Is 14102 a multiple of 24?
False
Does 18 divide 3206?
False
Does 11 divide 4928?
True
Is 7 a factor of 16282?
True
Is 29 a factor of 5075?
True
Is 6 a factor of 9448?
False
Is 44 a factor of 409?
False
Is 31 a factor of 877?
False
Does 6 divide 3581?
False
Does 30 divide 1290?
True
Is 8 a factor of 16?
True
Is 19 a factor of 50701?
False
Is 20 a factor of 112920?
True
Does 109 divide 1853?
True
Is 59 a factor of 4661?
True
Is 39 a factor of 14770?
False
Does 22 divide 1092?
False
Does 38 divide 9044?
True
Does 31 divide 28644?
True
Does 4 divide 1253?
False
Is 4 a factor of 3298?
False
Is 3 a factor of 230?
False
Is 180 a multiple of 5?
True
Is 110591 a multiple of 13?
True
Does 142 divide 15194?
True
Does 5 divide 514?
False
Is 161570 a multiple of 80?
False
Is 5 a factor of 9243?
False
Is 2 a factor of 2047?
False
Is 11 a factor of 4579?
False
Does 19 divide 62060?
False
Is 164925 a multiple of 24?
False
Is 73 a factor of 1044?
False
Is 26 a factor of 1482?
True
Does 3 divide 2405?
False
Does 3 divide 4056?
True
Is 3668 a multiple of 28?
True
Is 94 a factor of 342?
False
Is 24180 a multiple of 13?
True
Does 4 divide 972?
True
Is 5358 a multiple of 9?
False
Is 64 a factor of 249?
False
Is 65765 a multiple of 10?
False
Is 130 a multiple of 12?
False
Is 8 a factor of 1640?
True
Is 54 a factor of 23538?
False
Is 27 a factor of 603?
False
Does 251 divide 37650?
True
Is 20 a factor of 2006?
False
Is 25152 a multiple of 12?
True
Is 2991 a multiple of 114?
False
Is 361 a multiple of 18?
False
Does 107 divide 199?
False
Does 11 divide 20830?
False
Is 78 a factor of 312?
True
Is 9 a factor of 1587?
False
Does 38 divide 7258?
True
Is 385 a multiple of 7?
True
Does 64 divide 10304?
True
Is 11 a factor of 37400?
True
Is 49 a factor of 2058?
True
Is 12 a factor of 138047?
False
Is 10 a factor of 1380?
True
Is 8004 a multiple of 138?
True
Is 14 a factor of 5026?
True
Is 198 a factor of 8316?
True
Does 6 divide 1104?
True
Is 84212 a multiple of 10?
False
Is 36957 a multiple of 15?
False
Does 7 divide 7281?
False
Does 11 divide 49060?
True
Is 224 a multiple of 16?
True
Is 540 a multiple of 12?
True
Is 45 a factor of 765?
True
Is 2190 a multiple of 15?
True
Is 9 a factor of 16200?
True
Is 94 a factor of 49793?
False
Is 8 a factor of 1040?
True
Is 30 a factor of 450?
True
Does 17 divide 2588?
False
Does 285 divide 22710?
False
Does 20 divide 3523?
False
Is 151 a multiple of 16?
False
Is 28 a factor of 463?
False
Is 70 a factor of 7000?
True
Is 65734 a multiple of 22?
False
Is 125 a factor of 1723?
False
Is 16 a factor of 17379?
False
Is 7240 a multiple of 8?
True
Is 2177 a multiple of 24?
False
Is 166 even?
True
Does 58 divide 4408?
True
Does 9 divide 265?
False
Is 498 a multiple of 6?
True
Does 27 divide 9819?
False
Is 2 a factor of 596?
True
Is 3730 a multiple of 6?
False
Does 74 divide 20276?
True
Does 75 divide 69600?
True
Does 4 divide 14856?
True
Is 30688 a multiple of 14?
True
Does 2 divide 141?
False
Does 4 divide 879?